 = -2*v**3 - 7*v**2 - 4*v + 2. Calculate the remainder when s(-4) is divided by ((-16)/60*-5)/((-3)/(-27)).
10
Let m be -2 + 8 + (0 - 2). Suppose -m*r = -3*j - 340, -3*r + 255 = 4*j - 0*j. Suppose -5*f = 5 - r. What is the remainder when f is divided by 9?
7
Let g(c) = -3*c + 10*c - 2 - 9 + c**3 + 10*c**2. Let j be g(-9). What is the remainder when (-2)/j + 116/14 is divided by 5?
3
Calculate the remainder when 59 is divided by 0/((3 + -12)/3) - -21.
17
Let v be 7 - (-1 - 2)/3. Suppose v = 2*r + 2*r. Calculate the remainder when r is divided by 1.
0
Let c(m) = -6*m. Let l be c(-12). Let b = -45 + l. Calculate the remainder when b is divided by 15.
12
Suppose -2*y + 3*y = 18. Let g = y + -13. Calculate the remainder when 19 is divided by g.
4
Suppose -3*z = 3*v - 6, -17 = -4*z - 2*v + 7*v. What is the remainder when z is divided by 3?
0
Suppose 2*s - 14 = -3*l + 3, -1 = l - s. Let r(u) = 0*u**3 + 2*u**l + 0*u**3 + 2*u**2 - u**3 + 1 - u. What is the remainder when 7 is divided by r(-2)?
1
Let v(r) = -8*r + 6. Let h be v(5). Let s be h/(-9) - (-2)/9. What is the remainder when 3 is divided by (s + -6)/(-1 + 0)?
1
Let j(i) = i**3 + i**2 + i - 12. Calculate the remainder when j(5) is divided by 36.
35
Suppose 2*w = 5*z - 55, -5*z + w + 49 + 11 = 0. What is the remainder when z is divided by 11?
2
Let h = -30 - -42. What is the remainder when (-2068)/(-22)*(1/(-2) + 1) is divided by h?
11
Let x = -9 - 2. Let h = x - -49. Calculate the remainder when h is divided by 13.
12
Suppose -2*c + 3*n + 51 = 0, -49 = -2*c + 3*n - 2*n. What is the remainder when c is divided by 13?
11
Let t = 149 + -130. What is the remainder when t is divided by 12?
7
What is the remainder when 33 is divided by 20 - 1 - (0 + 2)?
16
Suppose -2*l + 0*l = -14. Suppose u - 3*d - l = -d, 3*u - 10 = -5*d. Let r(k) = k**2 - 4*k + 4. What is the remainder when r(u) is divided by 5?
4
Let p(s) = 10*s + 75. What is the remainder when p(-7) is divided by 3?
2
Let o be ((-2)/4)/(1/2). Let j be o/(2 - (-1)/(-1)). What is the remainder when (-66)/(-4) - j/2 is divided by 9?
8
Let a(l) = 6*l**2 + 6 + 3*l - l**2 - 9*l. Calculate the remainder when a(4) is divided by 21.
20
Suppose -87*w + 85*w + 114 = 0. Suppose -3*f = -6*f + 36. What is the remainder when w is divided by f?
9
Let o(z) = -34*z. Suppose 5*d + 0*l - 5*l = 0, -d - 10 = 4*l. Let s be o(d). Let m = s - 42. What is the remainder when m is divided by 9?
8
Let l be 4/6*9 + -3. What is the remainder when 59/(-1)*l/(-3) is divided by 20?
19
Let y = -26 - -37. Suppose 5*h - 56 = -a, 3*a = 7*a + 4*h - 176. Calculate the remainder when a is divided by y.
8
Let w = -14 - -37. Let s = -8 - -21. Calculate the remainder when w is divided by s.
10
Let o(y) = -y - 1. Suppose 5*x + 8 = 4*x. Calculate the remainder when 19 is divided by o(x).
5
Let z be ((-1)/(-3))/(1/(-93)). Let i = z - -44. Calculate the remainder when 25 is divided by i.
12
Let a = 21 - 10. Calculate the remainder when a is divided by 4.
3
Suppose -5*c = 35 + 35. What is the remainder when (188/6)/(c/(-21)) is divided by 24?
23
Let s(r) = 2*r**3 - r**2 - 10*r - 1. What is the remainder when s(4) is divided by 19?
14
Suppose 2*z - z - 43 = -4*k, 0 = 4*z - 4*k - 112. Suppose -7*u = -44 - 33. What is the remainder when z is divided by u?
9
Let o be (0 + (-4)/8)*-6. Suppose k - t - 3 = o*k, -t - 9 = -4*k. What is the remainder when 1 is divided by k?
0
Suppose 56 = -0*k + 2*k. Let v(d) be the first derivative of 5*d**2/2 - 1. Calculate the remainder when k is divided by v(2).
8
Let a(q) = q**2 - 4*q + 12. Calculate the remainder when a(5) is divided by 6.
5
What is the remainder when 31 - 1*(-5 + 4) is divided by 23?
9
Let a = 0 + 8. What is the remainder when 15 is divided by a?
7
Calculate the remainder when 16 is divided by ((-9)/18)/((-1)/18).
7
Suppose 5*l = 24 + 136. What is the remainder when l is divided by 1/((4/(-34))/(-2))?
15
Suppose -94 = -4*t + 70. Calculate the remainder when t is divided by 15.
11
Let m = -24 + 49. Let z = 13 - 11. Suppose 0 = z*r - 1 - m. Calculate the remainder when r is divided by 7.
6
Let o(t) = 35*t**2 - 21*t - 1. Let h(m) = -m + 9. Calculate the remainder when o(1) is divided by h(0).
4
Suppose 0 = 3*q + 6 - 15. Let o = 41 - 37. Calculate the remainder when o is divided by q.
1
Let c(h) = 5*h**3 + 6*h**2 - 5*h + 4. Let g(i) = i**3 - i. Let k(b) = c(b) - 6*g(b). What is the remainder when 29 is divided by k(6)?
9
What is the remainder when ((-2)/(-2))/(9/18) is divided by 1?
0
Let y(p) = 0*p - 3 + 0*p - 13*p - p**2 - 2. What is the remainder when y(-6) is divided by 13?
11
Suppose 0*z = -2*z + 2*k + 12, 2*z - 19 = -5*k. Let g = -4 + z. Suppose g*i - i - 24 = 0. What is the remainder when i is divided by 7?
5
Suppose b - 6*b + 7 = 2*w, 5*w - 4*b = 34. What is the remainder when (-2)/(-8) + (-163)/(-4) is divided by (21/w)/((-2)/(-12))?
20
Suppose -4*s + 11 - 3 = 0. Suppose -m + 6 = -s. Suppose -6*a + 72 + 6 = 0. What is the remainder when a is divided by m?
5
What is the remainder when 21 is divided by (12/(-18))/((-1)/18)?
9
Let g be 30/9 - 2/(-3). Suppose -37 + 9 = -g*i. Calculate the remainder when 4/22 + 3/((-198)/(-1308)) is divided by i.
6
Let g(n) = 2*n**2 + 4*n + 9. Let w = 23 - 28. Let p = -33 - -47. Calculate the remainder when g(w) is divided by p.
11
Suppose 0 = 4*l - m - m - 654, -163 = -l + m. Calculate the remainder when l is divided by 42.
38
Suppose 17 = -3*w - 7*k + 3*k, 3*w - k = -7. What is the remainder when (7/(-2) - -3) + 35/2 is divided by 8 - (-3)/((-9)/w)?
8
Suppose 3*r + 5*s - 187 = -0*r, 0 = 3*r - 3*s - 147. Calculate the remainder when r is divided by 11.
10
Let y = -1 + 3. Suppose x = 4*q - 51, -3*x + 1 + y = 0. Calculate the remainder when q is divided by 3 + (3 - (-2 + 1)).
6
Calculate the remainder when 9 is divided by (-2)/9 + 0 + 280/45.
3
Let q(y) be the third derivative of y**6/120 + y**5/60 + y**3/2 - y**2. Let g be q(0). Suppose -12 = g*v - 69. What is the remainder when v is divided by 10?
9
Let y(i) = i**3 + i**2 - 2*i + 22. What is the remainder when 87 is divided by y(0)?
21
Let r(b) = -b**3 - 6*b**2 - b - 1. Let g be r(-6). Suppose 5*w = -0*k + 2*k - 25, g = k - 5*w. Calculate the remainder when k is divided by 11.
9
Suppose 0 = 3*q + 4 - 10. Let m(x) = 2 - q + x + x**2 + 2. Calculate the remainder when m(4) is divided by 12.
10
Suppose -18*c + 520 = -14*c. What is the remainder when c is divided by 34?
28
Suppose -7*g = -3*g - 48. Calculate the remainder when g is divided by 9.
3
Let r(q) = -q**3 - 10*q**2 - 9*q - 3. Let s be r(-9). Let x = 2 - s. Calculate the remainder when x is divided by 3.
2
Suppose -3*n + 1 = -65. What is the remainder when 65 is divided by n?
21
Let c(z) = 3*z**2 - 2*z - 1. Let y be c(-2). Calculate the remainder when 34 is divided by 6/y - (-174)/15.
10
Let g = 8 - 13. Suppose -2*h = -k - k + 8, 0 = -2*k + h + 10. What is the remainder when 8 is divided by k/(-15) - 27/g?
3
Suppose -5*f + 55 = -3*s, -2*f = 4*s + 1 - 23. Suppose -q - 3*q + 5*z = -12, 2*q - 5*z = -4. Suppose 20 = 2*x + q. What is the remainder when f is divided by x?
5
Let d = -7 - -23. Suppose 0 = 2*x - 5 - 3. Suppose -5*z - 10 - 1 = -k, -x*z + 140 = 4*k. What is the remainder when k is divided by d?
15
Suppose s = -3*s + 4. Suppose -3 = -5*h + 2. What is the remainder when h is divided by s?
0
Let h = -16 - 13. Let a = h - -140. Calculate the remainder when a is divided by 28.
27
Let q(c) = 0*c + c - 1 + 3 + 14*c. Calculate the remainder when q(3) is divided by 16.
15
Suppose -7*i + 214 = 60. What is the remainder when i is divided by 8 + (2 - 2)/(-2)?
6
Suppose 3*u = 19 + 116. Calculate the remainder when u is divided by 12.
9
Let b(l) = l**2 + 4 + 1 + 3*l - 11*l. Let h be b(7). Let f(p) = -2*p**3 + p**2 + 2*p - 1. What is the remainder when 29 is divided by f(h)?
14
Let q(l) = -l**2 + 4*l + 4. Let j be q(7). Let k = -9 - j. Suppose 0 = 2*v - k, -2*v - 12 = 5*z - 60. What is the remainder when 23 is divided by z?
7
Suppose 2*p - 4 = 8. What is the remainder when p is divided by 5?
1
Suppose 2*z + 4*y = 0, -2*z = -3*z - 5*y. Suppose -c = z, -2*j + 3*c + 46 = -j. Calculate the remainder when j is divided by 24.
22
Let k(w) be the third derivative of w**5/60 + 7*w**4/24 - 7*w**3/6 + w**2. What is the remai